the greatest common factor of 638 and 3006517.
29
What is the greatest common divisor of 75314393 and 968?
121
Calculate the highest common divisor of 178993 and 23953.
17
Calculate the greatest common factor of 18199143 and 603.
603
Calculate the greatest common divisor of 5314443 and 111.
3
Calculate the greatest common factor of 3032838 and 396.
18
What is the greatest common factor of 22770 and 22412610?
990
Calculate the highest common factor of 2558858 and 84989.
2297
What is the greatest common factor of 383800 and 3887894?
3838
What is the greatest common factor of 916301 and 3401?
179
What is the highest common divisor of 8832600 and 560?
280
Calculate the highest common divisor of 114054941 and 2002.
1001
What is the greatest common divisor of 9766350 and 1010?
10
Calculate the greatest common factor of 268 and 89151607.
67
Calculate the greatest common divisor of 12574575 and 2895750.
8775
Calculate the greatest common divisor of 7495180 and 35.
35
Calculate the highest common divisor of 7934498 and 14300.
286
Calculate the highest common factor of 116820234 and 5166.
738
What is the greatest common factor of 36744784 and 608?
304
What is the greatest common factor of 16367933 and 983?
983
What is the greatest common divisor of 181 and 162550489?
181
Calculate the highest common divisor of 10335 and 12980175.
195
What is the highest common divisor of 15411346 and 23950?
958
Calculate the highest common factor of 182 and 9386377.
91
Calculate the greatest common divisor of 3611770 and 43310.
710
Calculate the highest common factor of 80010 and 159663.
21
Calculate the greatest common divisor of 1448 and 46505416.
1448
What is the greatest common factor of 41573 and 483?
7
Calculate the greatest common factor of 197183 and 56525.
119
Calculate the highest common divisor of 2370648 and 700.
28
Calculate the greatest common divisor of 5 and 108244735.
5
What is the greatest common divisor of 290627703 and 18?
9
What is the highest common factor of 1739 and 877973?
37
What is the highest common divisor of 272 and 302460056?
136
Calculate the greatest common divisor of 53185608 and 2520.
504
What is the highest common factor of 14671458 and 5130?
342
Calculate the highest common factor of 3854272 and 152.
8
What is the highest common divisor of 3773 and 5132468?
11
What is the greatest common divisor of 572544 and 107856?
1008
Calculate the highest common factor of 3680544 and 2400.
96
Calculate the highest common divisor of 238 and 342622.
14
What is the greatest common divisor of 12495705 and 15?
15
What is the highest common divisor of 1069929 and 36207?
243
What is the highest common divisor of 63709860 and 60?
60
What is the highest common factor of 14700031 and 6227?
479
Calculate the greatest common divisor of 624 and 4607772.
156
What is the greatest common divisor of 797966268 and 1947?
1947
What is the greatest common factor of 41414148 and 247?
19
What is the greatest common factor of 35433 and 372237?
381
Calculate the highest common divisor of 8121990 and 78210.
2370
What is the greatest common factor of 11238 and 4901641?
1873
Calculate the greatest common divisor of 13399431 and 177.
177
What is the highest common divisor of 23718 and 2546322?
354
Calculate the highest common divisor of 4525 and 10135457.
181
What is the highest common divisor of 1068815 and 11605?
55
What is the greatest common divisor of 45273412 and 417?
139
Calculate the highest common factor of 679 and 444248.
7
What is the highest common factor of 25 and 379397825?
25
Calculate the highest common divisor of 434139 and 55272.
141
Calculate the greatest common divisor of 14692 and 600190238.
7346
What is the greatest common factor of 68 and 1472096?
4
What is the greatest common divisor of 3248178 and 30?
6
Calculate the greatest common divisor of 155703 and 34425.
51
What is the greatest common factor of 32575977 and 252?
63
Calculate the highest common factor of 663217 and 376.
47
Calculate the greatest common divisor of 95669250 and 125.
125
Calculate the greatest common divisor of 7 and 353891580.
7
Calculate the highest common factor of 26865 and 1109187.
27
What is the greatest common divisor of 3717627 and 8185?
1637
Calculate the greatest common factor of 187233515 and 560.
35
Calculate the greatest common divisor of 208 and 12742256.
16
What is the highest common factor of 5832 and 6347160?
1944
Calculate the highest common factor of 30875 and 66443.
247
Calculate the highest common factor of 1872 and 1055863224.
936
What is the highest common divisor of 46 and 6145462?
46
What is the greatest common divisor of 467847 and 344187?
2061
Calculate the highest common divisor of 10613771 and 889.
889
Calculate the highest common divisor of 187782 and 23082458.
3682
What is the highest common factor of 7920 and 36502488?
792
What is the highest common factor of 1613060 and 8260?
1180
Calculate the greatest common factor of 35442 and 9450.
18
Calculate the highest common factor of 274499 and 1377.
17
What is the highest common factor of 12366 and 8694672?
1374
Calculate the highest common factor of 3360 and 9744420.
420
What is the highest common factor of 2681172 and 8976?
204
What is the highest common factor of 774 and 1541980?
86
What is the highest common divisor of 43080 and 800760?
120
Calculate the highest common factor of 3952 and 66227122.
494
What is the highest common factor of 20369070 and 1620?
810
What is the highest common factor of 80073 and 154504?
217
Calculate the greatest common factor of 164 and 65958094.
82
Calculate the greatest common factor of 5141484 and 28112.
1004
Calculate the greatest common factor of 256148 and 284.
4
Calculate the greatest common divisor of 7291 and 8069869.
317
Calculate the greatest common factor of 22967215 and 192320.
3005
Calculate the highest common divisor of 11358 and 183653812.
1262
Calculate the greatest common divisor of 92 and 92264362.
46
What is the highest common divisor of 63730 and 21980?
10
What is the highest common divisor of 84 and 11285708?
28
Calculate the highest common divisor of 70 and 188061.
1
Calculate the greatest common divisor of 157295 and 220020.
965
Calculate the highest common factor of 434 and 494844.
14
What is the greatest common factor of 73838792 and 244?
244
What is the greatest common factor of 8901 and 1024002?
387
Calculate the highest common factor of 10023 and 68619.
771
Calculate the greatest common factor of 19775 and 229390.
3955
Calculate the highest common divisor of 7644 and 1545180.
1092
Calculate the greatest common divisor of 105 and 80772300.
105
Calculate the highest common divisor of 15756 and 6570876.
156
Calculate the greatest common factor of 3289281 and 6.
3
Calculate the greatest common factor of 30326100 and 588.
588
What is the highest common divisor of 96382 and 1807520?
286
Calculate the highest common divisor of 32864 and 1987808.
32
Calculate the highest common factor of 6612128 and 32004.
508
Calculate the greatest common factor of 11382554 and 799.
799
Calculate the greatest common factor of 2791344 and 6000.
48
What is the greatest common factor of 211629 and 20193?
159
What is the highest common factor of 5180728 and 322056?
3976
Calculate the greatest common divisor of 83889 and 23678109.
351
Calculate the greatest common factor of 11429 and 5313.
11
Calculate the greatest common divisor of 240 and 55905.
15
What is the greatest common factor of 2840 and 4787672?
568
What is the greatest common factor of 4808 and 769?
1
What is the greatest common factor of 3795 and 94403155?
1265
What is the highest common factor of 2081629 and 77?
11
Calculate the highest common divisor of 16 and 57869104.
16
What is the highest common factor of 10258023 and 1196?
23
What is the highest common divisor of 1988 and 1446417?
7
What is the greatest common divisor of 14065 and 290435?
145
What is the greatest common divisor of 2629 and 231319?
11
What is the greatest common factor of 761664 and 5720414?
7934
Calculate the highest common divisor of 118963086 and 198.
66
Calculate the highest common divisor of 163301 and 4317410.
2237
What is the greatest common divisor of 1980 and 91356408?
396
What is the highest common factor of 573858 and 51